-3) - (-4)/6. What is the remainder when 3 is divided by w + 4 - (2 + -2)?
1
Let d = 5 - 1. Suppose -115 = -d*k - k. Calculate the remainder when k is divided by 12.
11
Suppose 5*c - 5 = 5. Suppose -c*g - r = -79 - 42, 4*r - 236 = -4*g. Calculate the remainder when g is divided by 16.
14
Let i = 25 + -26. Calculate the remainder when (4 + -2)*(-2)/i is divided by 3.
1
Let b = 0 + 9. Let z(c) = 2*c**2 - 5*c + 1. Calculate the remainder when z(5) is divided by b.
8
Suppose 130 = 4*k - u - 2*u, 2*k - 2*u = 66. Let c = k + -21. Calculate the remainder when 28 is divided by c/(3 - 0 - 2).
8
Let k(o) = 4*o**2 + 2*o - 5. Let d(j) = -j - 12. Let z be d(-9). What is the remainder when k(z) is divided by 14?
11
Let r = 5 - 9. Let b be (3 + 5)*(-2)/r. Suppose -l = -b*t - 5*l + 48, -5*t = -l - 54. What is the remainder when t is divided by 4?
3
Let t = 1 - -4. Suppose -t*f = -3 - 52. Let x = 27 + 5. Calculate the remainder when x is divided by f.
10
Suppose 2*b - 4 = 2*g + 20, b - 2*g - 14 = 0. Let l = -7 + b. Calculate the remainder when 8 is divided by l.
2
Let x = -42 + 74. Calculate the remainder when 62 is divided by x.
30
Let u = 6 - 10. Calculate the remainder when 190/u*12/(-15) is divided by 2/6 - 38/(-3).
12
Let g(v) = 4*v - 2. Calculate the remainder when 24 is divided by g(3).
4
Let n = 43 - 30. Let d(h) = -3*h - 4. What is the remainder when n is divided by d(-3)?
3
Suppose 12 = -0*n + 2*n. Let m(r) = -52*r. Let p be m(-1). Suppose 2*a = n*a - p. Calculate the remainder when 37 is divided by a.
11
Let y(k) = -9*k. Let x be y(1). Let j = x - -24. Let v(b) = b**3 + 6*b**2 - 4*b - 1. What is the remainder when v(-5) is divided by j?
14
Let l(v) = 7*v - 3. What is the remainder when l(3) is divided by 42/4 - 2/4?
8
Let a = -20 + 29. Suppose 154 = 5*w + a. What is the remainder when w is divided by -2*(-1 + -7) + -1?
14
Suppose 0 = -5*c - 4*u + u + 30, -10 = 5*c - 5*u. Suppose -4*y + 2*y + 24 = 0. Calculate the remainder when 32 - c/(6/(-4)) is divided by y.
10
Let x(c) = 3*c**2 + c + 17. Let r(n) = n**2 + 1. Let j(k) = -4*r(k) + x(k). Calculate the remainder when (-3)/(-1)*228/18 is divided by j(0).
12
Suppose -2*f + 20 = -30. Let s = f - 10. Let u(h) = h**3 - h**2 + h + 43. What is the remainder when u(0) is divided by s?
13
Suppose -12*r + 340 = -10*r. What is the remainder when r is divided by 58?
54
What is the remainder when 48 is divided by 15 - 4*5/10?
9
Suppose -2*q = -4*j + 18, 2*j - 4*q = -3*j + 18. Let n be 2/(-4)*-2 - -3. Suppose 36 = 4*b - n. Calculate the remainder when b is divided by j.
4
Let v(m) = m + 5. Let c be v(-4). What is the remainder when (-188)/(-6) - c/3 is divided by 14/(-7) + 0 + 13?
9
Let y = -1 + 7. What is the remainder when (0 - -2)/(2/16) is divided by y?
4
What is the remainder when 18 is divided by 13 + -4*(-1)/(-2)?
7
Let i(c) = c**3 + 6*c**2. Let v be i(-6). Calculate the remainder when 22 is divided by 12 + (-1 - -1) + v.
10
What is the remainder when 2/4 - 2660/(-8) is divided by 28?
25
Let d = 15 - 9. Suppose -2*n = -2*f + 20, 5*n = -f + d + 4. Calculate the remainder when 28 is divided by f.
8
Suppose 3*o + 1 = 2*o. Let j be 12*(o + (-4)/(-2)). Suppose -3*v = -24 - j. What is the remainder when 22 is divided by v?
10
Let z(g) = 2*g**2 + 3*g. Let x = -10 + 8. What is the remainder when (-608)/(-24) - x/3 is divided by z(-3)?
8
Let o(v) = v**2 - 10*v + 13. Let t be o(9). Let i = -30 + 46. What is the remainder when i is divided by ((-2)/(-4))/(t/72)?
7
Let t = 9 + -6. Let y be (-26)/t - (-4)/6. What is the remainder when 15 is divided by y/(0 + (-2 - 0))?
3
Suppose 0*v = -2*v + 60. What is the remainder when 322/10 - 6/v is divided by 17?
15
Suppose 0 = 3*w - 34 - 14. Let j = -11 + 11. Suppose 5*g - 63 - 92 = j. Calculate the remainder when g is divided by w.
15
Let s(f) = -f**2 - 8*f + 4. Let m be s(-8). Suppose m = 2*v - 24. What is the remainder when 26 is divided by v?
12
Calculate the remainder when (-9)/6*(-10)/3 is divided by 4.
1
Let d(q) = -q**2 + 11*q + 3. Let a be d(10). Let g = 3 - 2. Let m = g + a. What is the remainder when 53 is divided by m?
11
Let l = 17 + -16. What is the remainder when (l + (2 - 2))*7 is divided by (-1)/2*6/(-1)?
1
Let o(c) = -10*c - 18. What is the remainder when 42 is divided by o(-4)?
20
Suppose -4*i + 12 + 86 = 2*k, 3*i - 97 = -2*k. Calculate the remainder when k is divided by 17.
13
Let p(i) = i**2 - 2*i. Let y be p(3). Suppose -y*a + 8 = a. What is the remainder when 23 is divided by (-4 + a)/(2/(-12))?
11
What is the remainder when 59 is divided by (-4)/((-2)/2)*(-248)/(-32)?
28
Suppose 50 = 3*c - 4*m, -13 = c - 2*c + 5*m. Calculate the remainder when 85 is divided by c.
13
Let u = 41 + -25. Suppose u = -3*z - 4*t, 3*z - 16 = 7*z + 4*t. Suppose z = v + 5*r + 2, -2*v + 4*r + 19 = 3*v. Calculate the remainder when v is divided by 2.
1
Suppose 5*v - 55 = -0*v. Calculate the remainder when 5*4 - (1 - 2) is divided by v.
10
Suppose -2*m - 4*x = -24, 2*x - 60 = -m - 3*m. What is the remainder when 46 is divided by m?
14
Suppose -2*r - 2*r = -5*b - 78, 5*b + 44 = 2*r. What is the remainder when 42 is divided by r?
8
Let l(j) = 9*j + 2. Suppose 3*w + 3*f - 3 - 21 = 0, -3*w + 3*f = 0. What is the remainder when l(w) is divided by 10?
8
Let b(h) = -15*h - 7*h**2 - h**3 - 12 + 9*h**2 + 15*h**2. Calculate the remainder when 13 is divided by b(16).
1
Suppose 0 = y + 5*f + 45, 2 = 2*y - 2*f + 32. Let d = -11 - y. Let i(l) = -l**3 - 8*l**2 + l + 12. Calculate the remainder when d is divided by i(-8).
1
Let v(m) = -m**3 + 2*m**2 + 8*m - 5. Let n = 2 + 4. Let a be v(n). Let p = 141 + a. Calculate the remainder when p is divided by 14.
12
Suppose -5*w - 2*c + 170 = -7*c, -20 = 5*c. What is the remainder when w is divided by 16?
14
Let u be 18/(-6)*(-1 - -60). What is the remainder when u/(-7) + 8/(-28) is divided by 13?
12
Calculate the remainder when 45 is divided by (-24)/((-2)/4*1*3).
13
Let o = 7 + -4. Let s = 2 - o. What is the remainder when (-34)/4*s*4 is divided by 12?
10
Suppose 4*v = 5*l - 84, 0 = -l + 2*l + 2*v - 14. Calculate the remainder when 45 is divided by l.
13
Let s = -28 + 32. Suppose -s*k + 12 = -16. What is the remainder when k is divided by 2?
1
Let r(p) = -p - 2. Let g be r(-4). What is the remainder when 66 is divided by ((g - -1) + 14)*1?
15
Let q(l) = 2*l**2 + 13*l - 13. Let m(t) = -5*t**2 - 38*t + 38. Let b(n) = 3*m(n) + 8*q(n). What is the remainder when 3 is divided by b(9)?
0
Let u = 51 + -31. Suppose -134 = -3*x - 17. What is the remainder when x is divided by u?
19
What is the remainder when (6/4)/((-6)/(-88)) is divided by 5750/475 - 2/19?
10
Calculate the remainder when 282/6*(2 - 1) is divided by 1273/95 - (-2)/(-5).
8
Suppose -42 = -k + 41. What is the remainder when k is divided by 21?
20
Suppose 3*o - 83 = -5*h, -4*h + 5*o - 7*o + 66 = 0. What is the remainder when 44 + (0/(-2) - -1) is divided by h?
13
Suppose 28 = -0*h + 2*h. Let c be (5 + 12)*(-1)/(-1). Let i = c + 9. Calculate the remainder when i is divided by h.
12
Let l = 5 + 0. Calculate the remainder when l is divided by 4.
1
Suppose 4*i - 3*y + 5 = 2*y, 5*y = 5. Suppose 25 = -i*d - 5*d. Let m = d - -11. Calculate the remainder when 16 is divided by m.
4
Let f(y) be the second derivative of -y**5/20 + 7*y**4/12 - y**3/3 - 5*y**2/2 - 2*y. What is the remainder when 1302/24 + (-1)/(-8)*-2 is divided by f(6)?
16
Let a(o) = -3*o**2 - o - 7. Let x be a(-5). Let d = x - -144. Calculate the remainder when d is divided by 23.
21
Let q = -4 + 7. Suppose -q*m = 20 - 116. What is the remainder when m is divided by (-4)/(-6) - 248/(-24)?
10
Suppose 41 = 2*y + 3*g, 88 = 4*y + 3*g + g. What is the remainder when y is divided by 7?
4
Suppose 2*t + 4*v + 10 = 0, 0 = -3*v - 6 - 9. Suppose -2*r = t*r - 98. Let p = 137 - 96. What is the remainder when p is divided by r?
13
Let q(s) = s**3 - 12*s**2 + 3*s - 14. Let b(a) = 4*a**2 - a + 5. Calculate the remainder when b(4) is divided by q(12).
21
Suppose 4*m + 7*y - 294 = 2*y, 3*m - y - 230 = 0. Let g = 230 - 136. Suppose 5*i - g = m. What is the remainder when i is divided by 12?
10
Suppose -6*v = -2*v - 60. What is the remainder when 29 is divided by v?
14
Suppose 0 = -s + 2*l + 15, -s + 34 = 3*s + 5*l. Let g = 10 + 9. What is the remainder when g i